mainder when 6170 is divided by 552.
98
What is the remainder when 37747 is divided by 607?
113
What is the remainder when 13321 is divided by 512?
9
Calculate the remainder when 162 is divided by 91.
71
Calculate the remainder when 28192 is divided by 212.
208
What is the remainder when 21130 is divided by 147?
109
What is the remainder when 576484 is divided by 49?
48
What is the remainder when 3420 is divided by 231?
186
Calculate the remainder when 31549 is divided by 232.
229
What is the remainder when 4384 is divided by 799?
389
What is the remainder when 29914 is divided by 1574?
8
What is the remainder when 5471 is divided by 5323?
148
Calculate the remainder when 13536 is divided by 13401.
135
What is the remainder when 6830 is divided by 52?
18
Calculate the remainder when 76558 is divided by 335.
178
What is the remainder when 178846 is divided by 23?
21
What is the remainder when 25218 is divided by 10?
8
Calculate the remainder when 334 is divided by 9.
1
What is the remainder when 23264 is divided by 86?
44
What is the remainder when 4317 is divided by 123?
12
What is the remainder when 30256 is divided by 10066?
58
Calculate the remainder when 5447 is divided by 491.
46
Calculate the remainder when 14308 is divided by 291.
49
What is the remainder when 50442 is divided by 8407?
0
Calculate the remainder when 3679 is divided by 424.
287
Calculate the remainder when 3935 is divided by 30.
5
What is the remainder when 120748 is divided by 30?
28
Calculate the remainder when 1118300 is divided by 96.
92
What is the remainder when 23204 is divided by 53?
43
Calculate the remainder when 71639 is divided by 189.
8
What is the remainder when 84104 is divided by 95?
29
What is the remainder when 57175 is divided by 24?
7
What is the remainder when 3986 is divided by 796?
6
What is the remainder when 3408 is divided by 1495?
418
Calculate the remainder when 1068184 is divided by 1754.
1752
Calculate the remainder when 16966 is divided by 2805.
136
Calculate the remainder when 397544 is divided by 41.
8
What is the remainder when 90322 is divided by 35?
22
Calculate the remainder when 1220951 is divided by 16.
7
Calculate the remainder when 13397 is divided by 41.
31
Calculate the remainder when 681818 is divided by 104.
98
What is the remainder when 2140 is divided by 1179?
961
What is the remainder when 21452 is divided by 4020?
1352
Calculate the remainder when 4363 is divided by 2129.
105
Calculate the remainder when 12317 is divided by 2016.
221
Calculate the remainder when 93813 is divided by 3752.
13
What is the remainder when 6273 is divided by 156?
33
What is the remainder when 60908 is divided by 544?
524
What is the remainder when 7801 is divided by 1242?
349
Calculate the remainder when 742 is divided by 384.
358
What is the remainder when 16705 is divided by 372?
337
What is the remainder when 287237 is divided by 294?
293
What is the remainder when 110957 is divided by 476?
49
What is the remainder when 1058463 is divided by 88?
87
Calculate the remainder when 380991 is divided by 309.
303
What is the remainder when 15659 is divided by 3913?
7
What is the remainder when 1021 is divided by 12?
1
Calculate the remainder when 8825 is divided by 2923.
56
Calculate the remainder when 41728 is divided by 1986.
22
Calculate the remainder when 101679 is divided by 25417.
11
What is the remainder when 44196 is divided by 82?
80
Calculate the remainder when 9464 is divided by 3076.
236
Calculate the remainder when 20558 is divided by 69.
65
Calculate the remainder when 130807 is divided by 135.
127
What is the remainder when 40275 is divided by 40240?
35
Calculate the remainder when 9354 is divided by 426.
408
What is the remainder when 14784 is divided by 172?
164
Calculate the remainder when 2959 is divided by 574.
89
What is the remainder when 22238 is divided by 858?
788
What is the remainder when 1259 is divided by 186?
143
Calculate the remainder when 238559 is divided by 240.
239
What is the remainder when 9976 is divided by 204?
184
What is the remainder when 65392 is divided by 29?
26
What is the remainder when 15597 is divided by 737?
120
Calculate the remainder when 230977 is divided by 115416.
145
Calculate the remainder when 1509172 is divided by 25.
22
What is the remainder when 12307 is divided by 165?
97
Calculate the remainder when 26951 is divided by 3850.
1
Calculate the remainder when 5949 is divided by 5911.
38
Calculate the remainder when 15760 is divided by 15749.
11
Calculate the remainder when 193598 is divided by 352.
350
Calculate the remainder when 459860 is divided by 2513.
2494
Calculate the remainder when 8519 is divided by 341.
335
Calculate the remainder when 3637 is divided by 430.
197
What is the remainder when 23382 is divided by 91?
86
Calculate the remainder when 62272 is divided by 112.
0
What is the remainder when 447011 is divided by 364?
19
Calculate the remainder when 1440 is divided by 312.
192
Calculate the remainder when 40612 is divided by 81.
31
What is the remainder when 63825 is divided by 620?
585
Calculate the remainder when 3568 is divided by 3564.
4
What is the remainder when 18484 is divided by 79?
77
What is the remainder when 41647 is divided by 156?
151
What is the remainder when 1440642 is divided by 106?
102
Calculate the remainder when 27369 is divided by 2411.
848
Calculate the remainder when 1238655 is divided by 86.
83
Calculate the remainder when 2030 is divided by 565.
335
Calculate the remainder when 421162 is divided by 52645.
2
Calculate the remainder when 2917 is divided by 234.
109
What is the remainder when 169961 is divided by 13?
12
Calculate the remainder when 36242 is divided by 18.
8
What is the remainder when 100625 is divided by 33538?
11
What is the remainder when 2084 is divided by 116?
112
What is the remainder when 80940 is divided by 10?
0
What is the remainder when 17313 is divided by 176?
65
Calculate the remainder when 13182 is divided by 223.
25
Calculate the remainder when 2381 is divided by 264.
5
Calculate the remainder when 4009484 is divided by 42.
38
What is the remainder when 894 is divided by 49?
12
What is the remainder when 1185445 is divided by 152?
149
What is the remainder when 229978 is divided by 13?
8
What is the remainder when 148935 is divided by 107?
98
What is the remainder when 9382 is divided by 107?
73
Calculate the remainder when 4922 is divided by 271.
44
What is the remainder when 51716 is divided by 241?
142
Calculate the remainder when 41114 is divided by 2567.
42
What is the remainder when 13449 is divided by 3356?
25
Calculate the remainder when 39495 is divided by 19716.
63
Calculate the remainder when 22358 is divided by 43.
41
What is the remainder when 2581 is divided by 314?
69
Calculate the remainder when 21198 is divided by 34.
16
Calculate the remainder when 26620 is divided by 634.
626
What is the remainder when 31405 is divided by 218?
13
What is the remainder when 734 is divided by 3?
2
What is the remainder when 8208 is divided by 485?
448
Calculate the remainder when 9070 is divided by 1536.
1390
What is the remainder when 26654 is divided by 12407?
1840
Calculate the remainder when 281195 is divided by 35143.
51
What is the remainder when 1016 is divided by 335?
11
Calculate the remainder when 913 is divided by 113.
9
Calculate the remainder when 2569397 is divided by 62.
55
What is the remainder when 37196 is divided by 14?
12
Calculate the remainder when 631 is divided by 548.
83
What is the remainder when 71816 is divided by 39?
17
Calculate the remainder when 5888 is divided by 8.
0
What is the remainder when 426885 is divided by 616?
613
What is the remainder when 28349 is divided by 63?
62
What is the remainder when 318 is divided by 225?
93
What is the remainder when 6767 is divided by 188?
187
Calculate the remainder when 199375 is divided by 137.
40
Calculate the remainder when 1344 is divided by 338.
330
What is the remainder when 640 is divided by 215?
210
Calculate the remainder when 49637 is divided by 3817.
16
Calculate the remainder when 993 is divided by 58.
7
What is the remainder when 24453 is divided by 199?
175
What is the remainder when 170211 is divided by 36?
3
Calculate the rem